1. Calculate b(u).
-13
Suppose 135 = 5*m - 3*l, -m + 3*l = 4*l - 19. Let p be (-54)/m*16/6. Let v(g) = g**3 + 7*g**2 + 4*g - 5. Determine v(p).
7
Suppose 10 = 2*k, 4*n - 32 = -0*k - 4*k. Let h(p) = -p**n + 4 - 3*p + 4*p - 2*p - 11. Calculate h(0).
-7
Let k be (-1)/2 + (-3)/2. Let w(u) = 3*u**2 + 2*u - 1. Determine w(k).
7
Let x(n) be the first derivative of 5*n**3/3 - n - 2. Let f(z) = z**3 - 11*z**2 + 9*z + 7. Let s be f(10). Let d = s + 2. What is x(d)?
4
Let v(n) = n - 6. Let d be v(9). Let u(l) = l**2 - l - 1. Let a(t) = 2*t + 2. Let q(k) = d*u(k) + a(k). Let r be ((-6)/4)/(3/(-4)). What is q(r)?
9
Let w(b) = 8*b**2 - 4*b - 3. Let x(a) = -7*a**2 + 3*a + 2. Let f(r) = -6*w(r) - 7*x(r). Let l be (-3)/((-5)/(10/3)). Let g be -2*(-1)/l*-4. Calculate f(g).
8
Suppose -2*g = 4*d - 20, -13 = 4*d - g - 39. Let q(r) = -2*r + 6. Give q(d).
-6
Let i(d) = 6*d + 9. Let p(c) = 3*c + 5. Let m(r) = -3*i(r) + 5*p(r). Calculate m(-3).
7
Let r = 7 + -5. Let b(n) = -6*n + 4*n - r*n**2 + n**2 - 9 + n. What is b(0)?
-9
Let p(z) = z**3 - 14*z**2 + 13*z - 12. Let n be p(13). Let x = n + 12. Let j(c) = c**2 - 6. Determine j(x).
-6
Let s = 5 + -3. Let f(i) = i + 6 - i**2 + 0*i**3 - i**3 - s*i. Suppose -3*h + 2*h = 4*u - 16, 5*h = 2*u - 8. What is f(h)?
6
Let j(l) = -l**2 - 13*l - 14. Let f = 70 - 82. Calculate j(f).
-2
Let x = -86 + 81. Let v(y) = -y**2 - 4*y - 6. What is v(x)?
-11
Let w(g) = -g**3. Let k(r) = 7*r**3 - 2*r + 3 + 3*r**2 - 4*r**3 + r**3. Let h(m) = k(m) + 3*w(m). Give h(-3).
9
Let r(f) = f**2 + f - 3. Let h be r(-3). Let z(j) = -j - 1 + 0*j + h + 2. Calculate z(3).
1
Let c(i) = -5*i + 12. Let z(d) = -4*d + 13. Let h(l) = -3*c(l) + 4*z(l). What is h(9)?
7
Let y = -16 - -20. Let m(g) = 0 + 4*g + 2 - 5*g. Give m(y).
-2
Suppose 0 = 3*a - 20 + 5. Let s(z) = 2*z - 3. Determine s(a).
7
Let a(m) = 3*m**2 + m**3 + m + 0*m**2 - m**2 - 1. Let d = 29 + -31. Give a(d).
-3
Let a(x) = x**3 + 6*x**2 + x - 5. Let t(v) = -v**3 - v**2 + v + 1. Let o(h) = a(h) + 2*t(h). Determine o(4).
9
Let m(o) = -o**2 - 2*o - 1. Suppose 12 = 2*l + v, -l + 8 = l + 2*v. Let i(n) = -n**2 + 7*n + 7. Let t be i(l). Calculate m(t).
0
Let w(m) = -7*m. Let j(z) = 3*z**2 - 3. Let o be j(3). Let v(a) be the second derivative of -a**3/6 - a. Let q(g) = o*v(g) - 3*w(g). Determine q(-1).
3
Let x(b) = -4*b**2 - 1. Suppose q + 5*v + 25 - 2 = 0, 3*v + 25 = 5*q. Suppose 2 = 6*u - q*u + s, 3*u - 5*s - 13 = 0. Give x(u).
-5
Let c(v) = -3*v**3 + 2*v**2 + v + 1. Let r(m) = 7*m**3 - 5*m**2 - 2*m - 3. Let y(a) = -5*c(a) - 2*r(a). Suppose -5 = 8*b + 11. Give y(b).
-5
Let m(n) = 2*n**3 - n**2 + n + 1. Suppose -30 = -3*o - r, -27 - 5 = -4*o - 4*r. Let j = -7 + o. Suppose 3 = -j*d - 1. Give m(d).
-3
Let n(b) be the second derivative of 0 - 1/6*b**3 - 2*b**2 + b. Suppose 4*t - 6 = 6. Determine n(t).
-7
Let q(x) = x. Let f be ((-2)/4)/((-2)/20). Suppose f*u - 4 - 11 = 0. Give q(u).
3
Suppose 3*y = y + i + 6, -4*i = 0. Suppose 0 = y*o - 0*o. Let d(g) = -g**3 - g**2 - g - 3. Determine d(o).
-3
Let d(q) = q**3 - 6*q**2 - 7*q - 6. Let w(n) = n**2 + n + 1. Let f(v) = d(v) + 5*w(v). Let o(g) = g**3 - 8*g**2 + 7*g - 1. Let p be o(7). Calculate f(p).
-1
Let p(x) = x**3 + 8*x**2 + 6*x + 4. Let y(z) = -5*z**3 - 41*z**2 - 30*z - 20. Let d(j) = -11*p(j) - 2*y(j). Let i = 22 + -27. Determine d(i).
1
Let a(x) = 2*x + 5. Let u be (12/(-16))/(3/24). Determine a(u).
-7
Let j(x) = -x**3 + 2*x**2 + x - 1. Suppose -i - 3*s = -6, -i - 1 = -5*s + 1. Give j(i).
-7
Let w(m) = -12 + m - 4*m**2 - m + m + 3*m**2. Give w(0).
-12
Let d(h) = -h**2 - 5*h + 4. Let x(r) = r**3 - 7*r**2 + 1. Let j be x(7). Let b(n) = -n**2 - n + 1. Let i(p) = j*d(p) - 4*b(p). Determine i(2).
10
Let t(o) be the first derivative of o**2/2 + o + 4. Give t(-5).
-4
Let q = 19 - 25. Let m(o) = -o**2 - 5*o + 4. What is m(q)?
-2
Let m(h) = -3*h - 47. Let f be m(-14). Let p(n) = 2*n - 6. Calculate p(f).
-16
Let j = -14 + 20. Let q be -3*((-20)/j)/(-5). Let l(c) = 2*c**2 + 3*c + 1. Determine l(q).
3
Let v(l) be the third derivative of -7*l**4/12 + l**3/6 + 30*l**2. What is v(-1)?
15
Let z(r) = r - 2. Let y(j) = 18*j - 18. Let c(g) = -y(g) + 15*z(g). Calculate c(-9).
15
Let b(a) be the third derivative of a**6/120 - a**5/15 - a**4/6 + 5*a**3/6 - 2*a**2. Calculate b(5).
10
Let s(t) = -t**2 - 7*t + 8. Let n(r) = 2*r**2 + 14*r - 15. Let x(j) = -3*n(j) - 5*s(j). What is x(-4)?
17
Let p(j) = -j**2 - j + 1. Let l(q) = -q**2 - q. Let w be l(0). Suppose -2*x - x = w. Suppose 2*y - 5*t + 15 = 0, x*y + 3*y - 2*t + 6 = 0. Determine p(y).
1
Let l(v) = -v**3 - 6*v**2 + 10*v + 15. Let g be l(-7). Let i(a) = -a**2 - 10*a - 2. Let k(u) = -u**2 - 11*u - 1. Let z(s) = -3*i(s) + 2*k(s). Determine z(g).
-8
Let m(b) = b**2 - 4*b + 6. Suppose 10 = 4*g + 3*u, 2*g - 4*u = -0*u + 16. What is m(g)?
6
Let t(c) = 6*c - 9. Let v be t(2). Let y(r) = -8*r - 1. What is y(v)?
-25
Let t(h) = 5*h - 1. Let k be (-16)/(-40)*(-10)/4*-2. Give t(k).
9
Let p(q) = -q**3 + 4*q**2 - 4. Let t be p(4). Let f(n) be the second derivative of -n**4/6 - 2*n**3/3 + 5*n**2/2 - 2*n. Give f(t).
-11
Let y be (-2)/(-3)*(-18)/3. Let b be 2/3 + y/6. Suppose -4*s - 3*d + 24 = b, d - 5*d = -3*s - 7. Let a(t) = t**3 - 2*t**2 - 2*t - 4. Determine a(s).
-1
Suppose 0 = -4*k - m - 18, 3*k - 3*m = -2*k - 31. Let q(n) = -n**3 - 5*n**2 - 3*n - 2. Give q(k).
13
Let t(z) = -2*z**3 - z**2 - 2*z. Let l(v) = -5*v**3 - 3*v**2 - 6*v. Let r(b) = -3*l(b) + 8*t(b). Give r(2).
0
Let y(d) = d + 7. Let w be 52/130 + 16/(-5)*2. Calculate y(w).
1
Let k(v) be the second derivative of v**5/20 + 7*v**4/12 - 3*v**3/2 + 5*v**2/2 - 17*v. Give k(-8).
13
Let y(t) = t + 1. Let q(m) = -5*m - 2. Suppose 3*j = 6*j - 24. Let z be 2/j + 45/12. Let a(k) = z*y(k) + q(k). Determine a(3).
-1
Let p = 14 + -9. Let a(y) = -1 + 0 - y - p. Suppose -2*i = -i. Calculate a(i).
-6
Let v(h) = -61 + 4*h**2 + 30 - h + 34 + h**3. What is v(-4)?
7
Suppose c + 2 = -1. Let q = 5 + c. Suppose 6 = q*j - x, -j - 4*x + 3 = -9*x. Let t(u) = u**2 - 5*u + 3. Determine t(j).
-3
Let o(g) = -6*g**2 - g - 1. Suppose -s - 3*y = -14, 5*s + 3*y + 1 = 11. Give o(s).
-6
Let d(j) be the first derivative of -1/360*j**6 + 0*j**2 - 1/120*j**5 + 1/8*j**4 + 0*j - 3 + 2/3*j**3. Let n(o) be the third derivative of d(o). Determine n(0).
3
Let x(i) be the third derivative of i**5/60 + i**4/24 + 3*i**3/2 + 17*i**2. Give x(0).
9
Let g = 8/23 - 25/138. Let c(v) be the second derivative of 3/2*v**2 + v + 0 + g*v**3. Give c(0).
3
Let w(v) = 65*v - 64*v + 1 + 0 + 11*v**2. Give w(-1).
11
Let h(u) = -u**3 - u**2 + u - 8. Let o(k) = k + 4. Suppose -5*p + 3*p + 2*t = 18, -4*t + 8 = 3*p. Let m be o(p). Calculate h(m).
-8
Suppose -15 = 3*o, 4*w + 0 = 4*o + 8. Let k(r) = -2*r - 1. Calculate k(w).
5
Let d(s) = 11*s**2 - s + 1. Suppose 0 = -5*b + 5. Give d(b).
11
Let w(g) = g**2 + 6*g + 5. Let h(c) = -5*c**3 + 2*c**2 - 3*c + 1. Let y be h(1). Calculate w(y).
0
Let u(r) be the third derivative of -r**4/24 - r**3/2 - 63*r**2. Calculate u(-7).
4
Let c(o) = o**3 + 5*o**2 + o + 4. Let d be c(-5). Let x = -7 - -3. Let j = d + x. Let s(m) = -m**3 - 6*m**2 - 8*m - 5. Determine s(j).
10
Suppose -2*l = l - 21. Let a(v) = v**3 + 9*v**2 + 8*v + 10. Let z be a(-8). Let c = z - l. Let f(w) = w**3 - 3*w**2 - w + 4. What is f(c)?
1
Let h(l) = -l**2 - 6*l - 2. Let t = 2 + -12. Let c = t + 7. What is h(c)?
7
Let w(z) be the second derivative of z**7/840 - z**6/360 - z**4/12 - 2*z. Let f(y) be the third derivative of w(y). Give f(2).
8
Let z(h) = -h + 8. Let p be z(8). Let w = -7 - -3. Let s(m) = 5*m**2 + 5*m + 6. Let o(q) = -11*q**2 - 11*q - 12. Let x(c) = w*o(c) - 9*s(c). Determine x(p).
-6
Let i(k) = 8*k. Let a(q) = q**3 - 4*q**2 - 3*q - 6. Let t be a(5). Let s(n) = n**2 - 4*n - 1. Let w be s(t). Calculate i(w).
-8
Let h be (-2 - (1 + -1)) + 11. Suppose 2*l - 1 = h. Let t(s) = s**2 - 3*s - l - 2*s + 0*s. Determine t(5).
-5
Suppose 4*f + 5 - 19 = -2*t, f = -3*t + 11. Let o(c) = 4*c - 3. Give o(t).
9
Let a = -22 - -26. Let z(d) = -6 - d**3 + 2*d**3 + 3*d + 0*d**3 - 4*d**2. Determine z(a).
6
Let c(b) = 5*b**2 + 3. Let s(r) = 4*r**2 + 3. Let k(v) = -5*c(v) + 6*s(v). What is k(0)?
3
Let y(p) = 34*p**3 - 9*p - p - 27*p**3 + 11 + 8*p**2. Let k = -16 - -8. Let u(q) = 11*q**3 + 12*q**2 - 15*q + 17. Let i(c) = k*y(c) + 5*u(c). What is i(-5)?
-3
Suppo